 = 54 - 52. Suppose -59 = -5*v + 3*w, t*w = v + 6 - 22. Calculate the highest common divisor of v and 4.
2
Let c be -3*4/6 - -6. Let j be 290/c + ((-3)/2)/3. Calculate the greatest common factor of j and 9.
9
Let f(u) = -u**3 + 12*u**2 - 2*u. Let q be f(11). Let s = -17 - -14. Let r be s/1 - (1 - 13). Calculate the highest common divisor of q and r.
9
Let i(y) be the second derivative of y**3/6 + 37*y**2/2 + 17*y. Let s be i(-17). Calculate the highest common factor of 80 and s.
20
Let v = -24 + 34. Let d(g) = g**2 - 1. Let i be d(-3). Suppose i*a = -a + 810. What is the greatest common divisor of a and v?
10
Let g = 990 + -980. What is the highest common divisor of g and 1790?
10
Let a be (197 - 131) + (-4 - -1). Let q be ((-21)/(-9))/((-2)/6). Let d be (-1)/(-2 + (-13)/q). Calculate the highest common divisor of d and a.
7
Let j(a) = -a**2 + 28*a + 149. Let n be j(31). Calculate the highest common factor of n and 308.
28
Let m(y) = -3*y + 34. Let s be m(8). Calculate the highest common divisor of 3830 and s.
10
Let i be (-2)/(-1)*(30/4 + -5). What is the greatest common factor of i and 4?
1
Let p(g) = -g**3 + 5*g**2 + 2*g + 2. Let a be p(6). Let t = a + 36. Let h be 63*((-15)/9 + 2). What is the highest common divisor of t and h?
7
Let a be 2/10 - (-3 - 56/20). Let f be (a/8)/((-95)/48 - -2). What is the greatest common divisor of f and 144?
36
Suppose -5*f - 2*u + 945 = 0, f + 2*u = 5*f - 756. Calculate the highest common factor of f and 42.
21
Let s(b) = -2*b**2 - 7*b + 7. Let g be s(4). Let r = -21 - g. What is the greatest common factor of 80 and r?
16
Let z(f) = f + 45. Let c be z(0). Suppose -c = -7*t + 53. What is the highest common divisor of 112 and t?
14
Suppose 2*d + 2 - 6 = 0. Suppose d*g - 8 = -0*g - 3*p, -g - p = -6. Let v = 15 + 10. What is the greatest common factor of v and g?
5
Suppose -23*l = 34 - 356. Suppose -3*i - 2*x + 207 = 83, -4*x = 5*i - 206. What is the highest common divisor of i and l?
14
Suppose -5*l + 165 = -0*q + 2*q, 4*q = l + 275. Suppose 0 = 8*b - 8 - 0. Let r be (-78)/(-2)*b/3 - -1. What is the greatest common factor of q and r?
14
Let b(o) = -o - 3. Let n be b(-4). Let t(d) = d**3 + 11*d**2 - d - 2. Let m be t(-11). Calculate the highest common factor of m and n.
1
Let x(c) be the first derivative of -3 - 7*c - 1/3*c**3 + 13/2*c**2. Let o be x(11). Calculate the greatest common factor of o and 5.
5
Suppose 4*f + 3*r = 417, 4*f - r - 309 = 128. What is the highest common divisor of 3996 and f?
108
Suppose -4*u + 4*a + 8 + 8 = 0, a = 5*u - 12. Let o be 3*(7/3 - u). Let m = o - -55. Calculate the highest common factor of 28 and m.
28
Let x = -1 - -6. Suppose l = -3*t - 4*l + 214, -2*l = -x*t + 398. Let o(d) = 12*d + 2. Let n be o(2). Calculate the greatest common factor of t and n.
26
Let x = -13 + 27. Let y be (-14)/(-1)*(16 + -1). Suppose -5*l + 3*u = -y, -4*u + 42 = 4*l - 126. Calculate the highest common divisor of l and x.
14
Let w be -1*(3/3)/(8/(-408)). Suppose -498 = -2*j + 624. What is the greatest common factor of w and j?
51
Let h = -26 - -64. Calculate the greatest common divisor of 95 and h.
19
Suppose 0 = -m - f - 2, -6*f + 2*f - 8 = -m. Let i(s) = s**2 - 4*s + 4. Let p be i(4). Suppose -2*h + m = -p. What is the highest common divisor of h and 6?
2
Suppose -162 = -3*t + 3*u, u = t + 3*u - 48. Let o be t - 12/(1 + 5). Calculate the highest common divisor of 10 and o.
10
Let r be (-14)/2*(-2)/2. Let l = -3989 + 4024. Calculate the highest common factor of r and l.
7
Let k be (-5 - -29) + (-10)/(-5). Calculate the greatest common divisor of 2197 and k.
13
Let j(o) be the second derivative of -o**4/12 + o**3/2 + 10*o**2 + 11*o. Let q be j(6). Calculate the highest common divisor of q and 16.
2
Suppose -v + 3*t + 141 = -t, t - 1 = 0. What is the greatest common divisor of 203 and v?
29
Let a(s) = 197*s**2 - s + 1. Let f be a(1). Let w = f + -61. Calculate the greatest common factor of w and 17.
17
Let l(z) = z**2 + 8. Let k be l(0). Let c = -74 - -81. Let b = 1 + c. What is the greatest common factor of b and k?
8
Let i = 269 - 248. Calculate the highest common divisor of i and 609.
21
Let d(q) = 2*q**2 - 21*q - 16. Let p be d(21). What is the highest common factor of 25 and p?
25
Let a be 3/2 + 4/(-8). Let p be (14/35)/(a/20). What is the greatest common divisor of 16 and p?
8
Let d be 1208/(-60) + (-8)/(-60). Let k be 14/4 - (-10)/d. Calculate the highest common factor of 33 and k.
3
Let h = -25 - -27. Let j(q) = -18*q - 1. Let i be j(-5). Suppose 17 = -3*u - h*k + i, 3*u - 72 = k. What is the greatest common divisor of 264 and u?
24
Suppose 2*q - 20 = -5*n + 29 + 6, 0 = -4*q. Suppose 3*u - 4 = -u. Let m = 0 + u. What is the highest common factor of n and m?
1
Suppose 92*k = 103*k - 2838. Calculate the highest common factor of 54 and k.
6
Suppose 14*a = 8*a + 18. What is the greatest common divisor of a and 147?
3
Let v = -9 - -10. Let p be (v - -8)*22/99. Calculate the highest common divisor of 1 and p.
1
Let l = 11 + 77. Let r be l/9 + 4/18. Suppose 4*c - 2*b - 42 = 0, 0 = -2*c + 5*b + 43 - 18. Calculate the highest common divisor of c and r.
10
Suppose 380 = -t + 6*t. Let d be 2/(-3) + 708/36. Calculate the highest common factor of d and t.
19
Suppose 4*g = -5*p + 59, -2*g = 8 - 0. Suppose 0 = -5*s + p, 5*s - 31 = -5*l + 9. Calculate the greatest common divisor of 10 and l.
5
Let f = -38 - -43. Suppose 95 = f*p - 0*p + 4*a, -4*p = 2*a - 70. Calculate the greatest common divisor of 75 and p.
15
Let b(h) = h**2 - 2. Let o be b(4). Suppose -159 = -6*j + 597. Calculate the greatest common divisor of o and j.
14
Suppose 0 = -28*m - 33*m + 1342. What is the greatest common factor of m and 1474?
22
Let n be -3 + (6 - (2 - 1)). Suppose 4*u + 5*d = 133, 0*d + 91 = 3*u + n*d. What is the greatest common factor of u and 9?
9
Let y be 0/(5 + -6 - -2*1). Suppose y = 5*b - 22 - 23. What is the greatest common divisor of b and 6?
3
Let v = -7 - -10. Suppose -10 = -2*z + v*z. Let g(p) = -5*p - 5. Let k be g(z). Calculate the greatest common divisor of k and 9.
9
Let j(y) = 7*y**2 - 30*y - 22. Let v(s) = 6*s**2 - 29*s - 22. Let w(z) = -3*j(z) + 4*v(z). Let q be w(12). What is the greatest common factor of 14 and q?
14
Let i = 1222 - 410. Calculate the highest common factor of i and 232.
116
Let r be (-7)/(1/24*116/(-493)). Calculate the greatest common divisor of 102 and r.
102
Let v be 12/(-9)*120/(-4). Let p be ((-16)/v)/((-1)/(-30)). Let m be p/(-42) + 878/14. Calculate the highest common factor of m and 9.
9
Suppose 312 = -8*o + 888. Calculate the highest common divisor of 264 and o.
24
Let k = -220 + 242. What is the highest common factor of k and 154?
22
Let w be 4055/75 - 2/30. Let c = 29 - 2. Calculate the highest common divisor of c and w.
27
Suppose -j + v + 41 = 3*v, 2*v = -5*j + 213. Suppose 4*z + 4*y = z + 32, 4*z = -5*y + j. What is the greatest common divisor of z and 3?
3
Let u(b) = 25*b - 84. Let a be u(4). Calculate the greatest common divisor of a and 592.
16
Suppose -110 = -2*g - 5*n, n + 3*n + 341 = 5*g. Let z = -47 + g. Let h be ((-15)/(-20))/(1/16). Calculate the greatest common factor of z and h.
6
Let h(z) be the second derivative of z**3/3 + 35*z**2/2 - 30*z. Let y be h(-17). What is the greatest common factor of 9 and y?
1
Let b(a) = -2*a + 70. Let v be b(6). Let h = v - -23. Let r = -7 - -16. What is the greatest common factor of r and h?
9
Let z = -8 - -16. Suppose -z*c - 24 = -10*c. Calculate the greatest common factor of c and 96.
12
Let v = 176 + -167. What is the highest common factor of 963 and v?
9
Suppose 28 = 2*f - 12. What is the highest common divisor of f and 18?
2
Let m = 77 - 44. Calculate the greatest common factor of 44 and m.
11
Let o be 3/(-9)*-141 - 6. Suppose 5*r - 323 = 87. What is the greatest common factor of o and r?
41
Let q = -100 - -137. Suppose 5*a - 9 = -3*t + q, -4*t = -5*a + 32. Calculate the greatest common factor of a and 64.
8
Let n = 175 + -467. Let x = n - -462. What is the greatest common factor of x and 68?
34
Let i(v) = -19*v + 5. Suppose -2*y = -0*y - 18. Let a be i(y). Let s be a/(-8) - 4/(-16). What is the greatest common factor of 42 and s?
21
Let k be (-6 + 2)/(-4)*1. Let h be (94 - 70)*k/((-6)/(-4)). Calculate the highest common div